31279 is divided by 305.
169
What is the remainder when 9655 is divided by 1203?
31
Calculate the remainder when 115266 is divided by 301.
284
What is the remainder when 11621 is divided by 11?
5
What is the remainder when 15043 is divided by 5?
3
Calculate the remainder when 32410 is divided by 184.
26
Calculate the remainder when 3330 is divided by 830.
10
What is the remainder when 10748 is divided by 148?
92
Calculate the remainder when 1229 is divided by 201.
23
What is the remainder when 4641 is divided by 165?
21
Calculate the remainder when 2777 is divided by 688.
25
What is the remainder when 35132 is divided by 210?
62
Calculate the remainder when 4182821 is divided by 373.
372
What is the remainder when 73476 is divided by 1130?
26
Calculate the remainder when 1125880 is divided by 11.
8
Calculate the remainder when 297968 is divided by 84.
20
What is the remainder when 18129 is divided by 86?
69
What is the remainder when 57628 is divided by 113?
111
Calculate the remainder when 1602 is divided by 720.
162
What is the remainder when 24770 is divided by 261?
236
Calculate the remainder when 525445 is divided by 1497.
1495
Calculate the remainder when 133584 is divided by 52.
48
What is the remainder when 6952 is divided by 332?
312
What is the remainder when 5264 is divided by 26?
12
What is the remainder when 176579 is divided by 73?
65
Calculate the remainder when 13740 is divided by 39.
12
Calculate the remainder when 48620 is divided by 150.
20
Calculate the remainder when 891 is divided by 31.
23
What is the remainder when 67105 is divided by 30?
25
What is the remainder when 693357 is divided by 25?
7
Calculate the remainder when 10745 is divided by 48.
41
What is the remainder when 1619 is divided by 108?
107
Calculate the remainder when 3608 is divided by 983.
659
Calculate the remainder when 6977 is divided by 10.
7
What is the remainder when 33701 is divided by 22?
19
What is the remainder when 3867 is divided by 1704?
459
Calculate the remainder when 39577 is divided by 2453.
329
What is the remainder when 4487 is divided by 34?
33
Calculate the remainder when 77467 is divided by 995.
852
Calculate the remainder when 262 is divided by 68.
58
What is the remainder when 1860 is divided by 126?
96
Calculate the remainder when 5866 is divided by 245.
231
Calculate the remainder when 10339 is divided by 2844.
1807
What is the remainder when 696 is divided by 353?
343
Calculate the remainder when 61271 is divided by 26.
15
What is the remainder when 74168 is divided by 37077?
14
What is the remainder when 6453 is divided by 918?
27
What is the remainder when 1657 is divided by 550?
7
Calculate the remainder when 21724 is divided by 18.
16
What is the remainder when 68374 is divided by 21?
19
Calculate the remainder when 32056 is divided by 63.
52
What is the remainder when 811585 is divided by 2818?
1
What is the remainder when 1470 is divided by 430?
180
Calculate the remainder when 34478 is divided by 95.
88
What is the remainder when 544 is divided by 357?
187
What is the remainder when 4095 is divided by 3962?
133
Calculate the remainder when 98361 is divided by 19.
17
Calculate the remainder when 369918 is divided by 20.
18
Calculate the remainder when 45314 is divided by 15.
14
Calculate the remainder when 374 is divided by 47.
45
What is the remainder when 98281 is divided by 181?
179
What is the remainder when 792 is divided by 75?
42
Calculate the remainder when 68265 is divided by 233.
229
Calculate the remainder when 2289310 is divided by 48.
46
Calculate the remainder when 15619 is divided by 1729.
58
Calculate the remainder when 10874 is divided by 33.
17
Calculate the remainder when 190 is divided by 119.
71
Calculate the remainder when 49 is divided by 42.
7
Calculate the remainder when 4477 is divided by 4468.
9
Calculate the remainder when 47096 is divided by 1465.
216
Calculate the remainder when 82414 is divided by 410.
4
What is the remainder when 61124 is divided by 571?
27
Calculate the remainder when 168478 is divided by 28059.
124
What is the remainder when 8353 is divided by 598?
579
What is the remainder when 284664 is divided by 2497?
6
What is the remainder when 103512 is divided by 1125?
12
Calculate the remainder when 1767147 is divided by 170.
167
Calculate the remainder when 27455 is divided by 143.
142
What is the remainder when 6866 is divided by 6387?
479
Calculate the remainder when 26168 is divided by 141.
83
Calculate the remainder when 2486693 is divided by 28.
13
Calculate the remainder when 191989 is divided by 223.
209
What is the remainder when 256 is divided by 7?
4
What is the remainder when 193904 is divided by 713?
681
What is the remainder when 18776 is divided by 4615?
316
What is the remainder when 39624 is divided by 2201?
6
Calculate the remainder when 50793 is divided by 101.
91
Calculate the remainder when 1877307 is divided by 373.
371
Calculate the remainder when 143461 is divided by 147.
136
Calculate the remainder when 6353 is divided by 488.
9
Calculate the remainder when 1208 is divided by 134.
2
What is the remainder when 9196 is divided by 307?
293
What is the remainder when 2119 is divided by 305?
289
Calculate the remainder when 2146 is divided by 67.
2
What is the remainder when 275399 is divided by 137677?
45
What is the remainder when 448413 is divided by 81?
78
What is the remainder when 86636 is divided by 2985?
71
What is the remainder when 23963 is divided by 9?
5
What is the remainder when 7818 is divided by 3909?
0
Calculate the remainder when 37326 is divided by 309.
246
What is the remainder when 3422 is divided by 8?
6
What is the remainder when 133646 is divided by 270?
266
Calculate the remainder when 55350 is divided by 134.
8
Calculate the remainder when 24119 is divided by 23843.
276
What is the remainder when 95142 is divided by 8647?
25
What is the remainder when 16667 is divided by 2?
1
Calculate the remainder when 1148863 is divided by 679.
674
Calculate the remainder when 185483 is divided by 41.
40
Calculate the remainder when 2692 is divided by 832.
196
What is the remainder when 20809 is divided by 215?
169
Calculate the remainder when 1617081 is divided by 94.
93
What is the remainder when 3426911 is divided by 292?
291
Calculate the remainder when 19265 is divided by 1609.
1566
What is the remainder when 937557 is divided by 390?
387
Calculate the remainder when 1355 is divided by 121.
24
Calculate the remainder when 584666 is divided by 6.
2
Calculate the remainder when 4464 is divided by 121.
108
Calculate the remainder when 1426710 is divided by 14.
12
Calculate the remainder when 239228 is divided by 14070.
38
What is the remainder when 179419 is divided by 534?
529
What is the remainder when 25413 is divided by 262?
261
Calculate the remainder when 43751 is divided by 4370.
51
What is the remainder when 11028342 is divided by 1355?
1352
Calculate the remainder when 22294 is divided by 1713.
25
What is the remainder when 22762 is divided by 25?
12
What is the remainder when 391816 is divided by 20?
16
What is the remainder when 721 is divided by 145?
141
Calculate the remainder when 30196 is divided by 2742.
34
Calculate the remainder when 60375 is divided by 838.
39
What is the remainder when 64501 is divided by 201?
181
What is the remainder when 103197 is divided by 264?
237
What is the remainder when 17030 is divided by 5661?
47
Calculate the remainder when 475973 is divided by 18.
17
What is the remainder when 1145513 is divided by 426?
425
What is the remainder when 13971 is divided by 2319?
57
Calculate the remainder when 3951764 is divided by 5.
4
Calculate the remainder when 62887 is divided by 4192.
7
What is the remainder when 1176 is divided by 387?
15
Calculate the remainder when 22959 is divided by 105.
69
Calculate the remainder when 1986 is divided by 312.
114
Calculate the remainder when 17495 is divided by 17472.
23
What is the remainder when 109982 is divided by 573?
539
What is the remainder when 11358 is divided by 3784?
6
What is the remainder when 2902 is divided by 98?
60
What is the remainder when 4432866 is divided by 17?
14
Calculate the remainder when 3788 is divided by 1892.
4
Calculate the remainder 